t is the value of -4 + (3 + 22 - -3) + -181 + 182?
25
What is the value of -100 - -106 - (-3 + 17 + 1 + 1)?
-10
What is -7 + (29 + -38 - (-2 + -14))?
0
Calculate -2 + (3 - 1) + 4 - (385 - 381).
0
Evaluate (-13 - -11) + 4 + -1 + -2.
-1
Calculate (12 - (7 - 8 - 0)) + 0.
13
32 + (-5 - 2 - 2) - 7
16
Calculate -4 + (-9 - 2) - -4.
-11
What is the value of 15 + 2 + 5 - 2 - (-5 - -11)?
14
What is the value of 21 - 20 - (-4 + 1 + 0)?
4
(35 - (-36 - -63)) + (-2 + 13 - -1)
20
Calculate (5 - 23 - -9) + (-1 - -26).
16
Evaluate -5 - (-7 + -13 - -21).
-6
Calculate (-14 - -10) + -21 + 2 + 1.
-22
Calculate 13 - (18 + (12 - 22)).
5
Calculate 2 + 0 - (-12 + 1).
13
What is 7 + (-12 - -6) - -5 - (-5 + -5)?
16
Evaluate -4 + -4 + -4 - -16 - 15.
-11
-1948 + 1945 - (1 - -6 - 2)
-8
Calculate -19 + 1 + -1 + 31.
12
-1 + -28 + (904 - 882)
-7
Calculate -38 + 32 + 18 + -2.
10
What is the value of (-29 - -1) + (5 - -1 - (371 - 365))?
-28
Evaluate -90 + 114 + -19 + (-1 - -5).
9
Evaluate 15 - (24 + (3 - 5)).
-7
What is 3 - (0 - (1 + 7 - 8))?
3
What is the value of (-3 - (-2 + 9 + -7 - 7)) + 18?
22
-2 + (2 - (6 + -3 - 5)) + 7
9
Evaluate (-45 - -81) + -40 + 17.
13
-10 + 9 + (1 - -1) + (37 - 10)
28
Calculate 19 + -1 + (-442 - -427).
3
What is (-16 + 3 - (157 - 179)) + (2 - -13)?
24
-16 - (-12 + 4 - 4 - -12)
-16
3 + (12 - 7 - 7) + -13
-12
0 + -11 + 342 + -343
-12
-1 - (36 - 19 - 0)
-18
Evaluate -3 - 3 - (54 + -51) - (-4 + -1).
-4
What is the value of 5 - (2 + 3) - (-21 + 29)?
-8
17 - (14 + -2) - -13
18
What is 16 + (-41 - (-5 - -5))?
-25
What is 0 + 2 + -6 + 10 + -14 + 22?
14
What is the value of (-8 + 13 - -8) + -5?
8
What is (-14 - ((5 - 4) + -8)) + -2 - -29?
20
What is the value of -1 - (-1 - 1) - ((118 - 59) + -38)?
-20
22 + (42 + -50 - (-2 - 0))
16
What is the value of -989 - -982 - (1 + -37)?
29
-17 + 9 + 9 + 4
5
Evaluate -1431 + 1421 + (-1 - -1) + 4.
-6
-11 - (17 - (0 + 21 + -11))
-18
What is 9 - (18 + (0 - -4))?
-13
(2 + -8 - (-4 - 8) - 3) + -13
-10
Evaluate 30 - (-13 + 12 + 27).
4
Evaluate 19 + -3 + -11 - 14.
-9
Evaluate 23 + (-36 - -10) + 12.
9
Calculate 5 + 2 - 6 - 0 - 9.
-8
What is (-2 - -9) + (4 - (2 + 12))?
-3
Calculate 17 + (13 - 12) + (9 - 13).
14
What is the value of 2 + 6 + -4 + (-6 - -18)?
16
What is 3 + (-8 - (-5 + -3)) + -9?
-6
(-63 - -84) + (-4 - -11) + -11
17
What is the value of -7 + 9 + (12 + -4 + -5 - 0)?
5
(-22 - -19) + (5 - -6)
8
What is the value of 2 - ((16 - 15) + 0 + (-2 - -18))?
-15
Calculate -22 + (18 - (-6 - -9)).
-7
What is -6 + -1 + 3 + -8 + 3?
-9
Calculate 16 + 2 + -12 + 9 + 1 + 6.
22
Calculate (3 - -1 - -2) + -14 + 4 + -4.
-8
Evaluate -5 - (-10 + 18 - 9).
-4
Calculate 6 + (-4 - -5) - 3 - 6.
-2
-3 + (-4 - -4) + (-1 - 0)
-4
What is the value of (2 - (-12 - -2)) + (92 - 99)?
5
Evaluate -7 + (-9 - 2) + 10.
-8
Calculate -47 - -45 - (0 + -1 + -8).
7
Evaluate -7 + (1 - -1) - -11.
6
Evaluate -25 - ((28 + -19 - 18) + 5).
-21
What is the value of 8 + 20 + -28 + (-14 - -1)?
-13
What is 1 + (8 - -7 - 9 - (11 - 0))?
-4
What is the value of -23 - ((-5 - -10) + 0)?
-28
Calculate -7 + (0 - 2 - (13 + -19)) + -1.
-4
What is (-2 + -37 - -3) + (-49 - -8 - -46)?
-31
Evaluate -11 + 19 - (1 + -2).
9
Calculate -1 - (-7 + -2 + 10) - (1 - -1).
-4
What is -30 + 15 + -1 + 8?
-8
(6 - 9 - 17) + 24
4
(-3 + 3 - (0 + -38)) + 1653 + -1661
30
-17 + (21 - (3 - -11))
-10
Calculate 12 - (-16 - -6 - -24).
-2
What is the value of (-1 - -5) + (2 - 8) - (-2 + 0)?
0
What is the value of -24 + 25 - 7 - 19?
-25
Calculate (20 - (18 - 1)) + -33.
-30
1 + (-1 - 4) + (15 - 19) + 7
-1
What is (47 - 42) + -14 + -10?
-19
Calculate 6 + (5 - 31) + (-1 - -10).
-11
What is (18 - 12 - 13) + 19 - 15?
-3
What is the value of (3 + -17 + 10 - (5 + -2)) + 31?
24
What is (-2 - (-14 + -2)) + -10?
4
13 + (-5 - (-7 - -2))
13
What is the value of 4 - (-1 + 1) - (-48 + -59 + 103)?
8
What is (-14 + 14 - 30) + (10 - -2)?
-18
2 + 23 + 320 + -342
3
What is 9 - (21 + (-11 - -5)) - -17?
11
What is the value of -47 - -38 - (35 - (4 - -5))?
-35
Evaluate -3 + 3 + (7 - -12 - 11).
8
What is the value of -24 - (-38 + 72 + -64)?
6
Evaluate (-6 - (-22 - (-7 - (8 - 12)))) + 7.
20
Calculate 27 - (5 + (-2 - -8)).
16
What is the value of 29 + -19 + 11 + -54?
-33
What is -1 + 13 + 0 - (4 - 3)?
11
What is 38 + -25 + (23 - (13 - 2))?
25
(31 - 4) + -53 + 5
-21
-11 - (15 + -17 + (3 - 1))
-11
Calculate -9 - (2 + -13 - 10).
12
Evaluate 0 - 2 - -2 - 0 - (57 - 36).
-21
What is -18 - (3 + 0 + -5 + -3)?
-13
Calculate 14 + -4 + (3 - (3 - -1) - 1).
8
(41 - 19) + (2 - 4 - 4) + 11
27
Calculate 6 + (3 - (-7 - -13 - 11)).
14
What is the value of (-1 - -7) + 24 + -20?
10
Calculate -7 - (-12 - (1 + -13 + 6)).
-1
What is 11 - (12 + (-19 - -16))?
2
What is -11 + 1 + (-1 - (6 - 11))?
-6
Evaluate 12 - (-13 - (-12 - -3) - 4).
20
20 + (-9 - 36) + 9
-16
-16 - 1 - ((-1 - 7) + -83 + 89)
-15
-9 + 6 + -4 + 5 - (27 - 57)
28
Calculate 1 + (-13 - (-3 + -2)) + -1.
-8
1 + 19 + -25 + 5 + -5 + -1
-6
Evaluate 4 + (46 + -48 - (-2 - (-1 - 2))).
1
Calculate (45 - 48) + -39 - -9.
-33
Evaluate -81 - -50 - (-24 - -11).
-18
What is the value of 4 - (2 - (-13 - -16))?
5
Calculate (8 - (10 + 10)) + 3.
-9
21 - 16 - 10 - 9
-14
What is the value of -2 + (1 - 0) - (3 - (-1 + -9))?
-14
Calculate (-2 - 0 - (24 + -33 + 2)) + -11.
-6
What is -12 + (-5 - -19 - 9)?
-7
Calculate -4 - (-9 + -4) - (-9 - -10).
8
21 - ((15 - 17) + 11)
12
261 + -242 + -14 + 2
7
What is 20 + (-25 - -29) + -29?
-5
What is the value of -7 + (-11 - 0) - (-3 - 3)?
-12
What is 18 + (-10 - (-16 - -9 - 11))?
26
-4 - -6 - (11 + -21)
12
Evaluate 1 + (-8 - 3) + (-2 - 14 - -12).
-14
What is -9 + (23 - (28 + -36 - (1 + -12)))?
11
What is the value of 48 + -34 + -33 + (9 - 2)?
-12
Calculate (5 - 5 - 10) + (-15 - -22).
-3
What is -3 - (13 - 4) - (-19 - 2)?
9
Calculate (-8 - -41 - 71) + 11 + 1.
-26
Evaluate -15 - -6 - (-37 + 4 + 4).
20
-26 - ((-77 - -79) + -15 + 1)
-14
Evaluate (25 - 51 - -4) + 23.
1
10 - (-8 - (8 - 4 - 11))
11
What is the value of (-1 + 1 - -4 - (-1 + 5)) + -6?
-6
-3 + (13 - (8 + (7 - 8)))
3
0 + -21 + -80 + 91
-10
What is the value of 400 + -407 + 6 + (0 - 0) + -1?
-2
-10 + -7 + 18 - -4
5
What is the value of 3 - (20 - (-10 + 0 + 8) - 7)?
-12
Evaluate -4 - ((0 - -22) + (-24 - (-51 - -38))).
-15
Evaluate 3 + -7 + (2 - -2) + 8 + -8.
0
Evaluate 3 - (10 + -12 - -7).
-2
Calculate -58 + 54 + -9 - (10 - 1).
-22
-39 + 19 - (30 - 35 - (0 - -4))
-11
Calculate (2 - -8) + (26 - (1 + 56)).
-21
What is 21 + -59 + -11 + 13?
-36
Calculate -1 + -15 - (-3 - 6).
-7
Calculate -17 - (-3 + (6 - 11) - (-18 + 7)).
-20
What is the value of 0 + (-12 - 0) - (-17 - (-66 - -51))?
-10
What is the value of -5 - (-2 + 0) - -5 - (1 - -2)?
-1
What is the value of 0 + (-17 - (-3 - 22))?
8
(33 - 0) + 8 + (-2 - 3)
36
-10 + (9 - 14) + -5
-20
What is (-14 - -2) + 48 + -41 + 6?
1
What is the value of (470 - 469) + -1 + 3 + 2?
5
Calculate (-4 + (8 - -4) - 12) + -13.
-17
What is the value of -22 + 39 + (1 - -10)?
28
What is 65 + -31 + -25 - (-2 + 2 + -4)?
13
Evaluate 2 - (0 - 1 - -5 - 6 - -6).
-2
Evaluate 1 + -6 + (38 - (12 - -21)).
0
Calculate 1 - (0 + 7 + 50 + -49).
-7
What is -8 - (11 + (-4 - 6) + 5)?
-14
What is -7 + 12 - (-20 - (-13 - -4))?
16
5 - ((-11 - -4) + -3 + 7)
8
Calculate 31 - (39 + -18 + -1).
11
Evaluate 0 + 33 + -25 - 3.
5
-2 + 0 - (-21 + 12 + 2)
5
Calculate (6 - -55) + (27 - 53).
35
What is -5 + (9 - 7 - -4 - 7)?
-6
(-5 - (4 + -2 - 11) - 10) + -5
-11
(-3 - -10 - (1 + -7 - -10)) + -5
-2
-14 - -3 - (-31 - -30)
-10
What is the value of -1 + -17 - (41 - (58 + -24))?
-25
(-5 - -10 - (-38 + -3 - -3)) + -7
36
Calculate -2 + (7 + -17 - -10) + 0 + -3.
-5
What is the value of -2 - (-9 - (15 - 15))?
7
What is the value of 23 + (-26 - -31) + -7 + (-1 - -2)?
22
Calculate (-8 - (1 - -1)) + -53 + 48.
-15
What is the value of -11 + 5 + -7 + (-2 - (-11 + 12))?
-16
(4 - ((7 - 5) + 1)) + 19 + -10
10
What is the value of (3 - -21) + (10 - 13) - (-36 - -42)?
15
Evaluate (-23 - -10) + (-7 - 2) - -13.
-9
-11 + 2 + 3 + (-96 - -111)
9
What is -18 + (-5 - (3 + -11)) - (-53 + 52)?
-14
-5 + 93 - (17 + 30)
41
Calculate 14 + (-4 - -12) - (2 + 6).
14
Evaluate -2 + -1 + (2 + 2 - (9 + -7)).
-1
What is -98 - -100 - (5 - -16)?
-19
Evaluate -691 - -703 - (29 + 2).
-19
What is 11 + 4 + -3 + -3 - 2?
7
What is -17 - (-7 - (-16 + 24) - 35)?
33
Calculate (-29 - -1